ivided by 16?
15
Calculate the remainder when 105 is divided by 11.
6
Calculate the remainder when 58 is divided by 24.
10
Calculate the remainder when 3236 is divided by 537.
14
What is the remainder when 1340 is divided by 84?
80
Calculate the remainder when 133 is divided by 17.
14
What is the remainder when 12586 is divided by 41?
40
Calculate the remainder when 353 is divided by 115.
8
What is the remainder when 1002 is divided by 59?
58
What is the remainder when 1972 is divided by 640?
52
What is the remainder when 75 is divided by 21?
12
Calculate the remainder when 11404 is divided by 26.
16
What is the remainder when 12739 is divided by 36?
31
Calculate the remainder when 986 is divided by 13.
11
Calculate the remainder when 64 is divided by 29.
6
What is the remainder when 30 is divided by 16?
14
What is the remainder when 323 is divided by 94?
41
Calculate the remainder when 174 is divided by 25.
24
Calculate the remainder when 381 is divided by 24.
21
What is the remainder when 82 is divided by 4?
2
Calculate the remainder when 311 is divided by 4.
3
What is the remainder when 431 is divided by 29?
25
What is the remainder when 334 is divided by 42?
40
Calculate the remainder when 1181 is divided by 1147.
34
What is the remainder when 23975 is divided by 20?
15
Calculate the remainder when 3721 is divided by 133.
130
Calculate the remainder when 470 is divided by 48.
38
Calculate the remainder when 169 is divided by 28.
1
What is the remainder when 190 is divided by 24?
22
What is the remainder when 24 is divided by 18?
6
Calculate the remainder when 100 is divided by 24.
4
Calculate the remainder when 32 is divided by 27.
5
What is the remainder when 1143 is divided by 132?
87
Calculate the remainder when 272 is divided by 88.
8
What is the remainder when 42 is divided by 11?
9
Calculate the remainder when 223 is divided by 21.
13
What is the remainder when 111 is divided by 16?
15
What is the remainder when 97 is divided by 9?
7
What is the remainder when 51957 is divided by 12?
9
Calculate the remainder when 1696 is divided by 353.
284
Calculate the remainder when 68 is divided by 44.
24
Calculate the remainder when 159 is divided by 54.
51
Calculate the remainder when 45 is divided by 41.
4
Calculate the remainder when 1014 is divided by 141.
27
What is the remainder when 3398 is divided by 85?
83
Calculate the remainder when 104 is divided by 19.
9
Calculate the remainder when 1225 is divided by 452.
321
Calculate the remainder when 249 is divided by 25.
24
Calculate the remainder when 4119 is divided by 19.
15
What is the remainder when 559 is divided by 17?
15
Calculate the remainder when 2861 is divided by 54.
53
What is the remainder when 4053 is divided by 192?
21
What is the remainder when 145 is divided by 46?
7
What is the remainder when 314 is divided by 185?
129
Calculate the remainder when 1019 is divided by 73.
70
Calculate the remainder when 16371 is divided by 6.
3
What is the remainder when 1220 is divided by 36?
32
Calculate the remainder when 94 is divided by 32.
30
What is the remainder when 104 is divided by 91?
13
Calculate the remainder when 1841 is divided by 19.
17
Calculate the remainder when 138 is divided by 47.
44
Calculate the remainder when 4638 is divided by 274.
254
What is the remainder when 2407 is divided by 199?
19
What is the remainder when 39 is divided by 15?
9
Calculate the remainder when 809 is divided by 197.
21
What is the remainder when 166 is divided by 47?
25
Calculate the remainder when 1239 is divided by 20.
19
Calculate the remainder when 4617 is divided by 20.
17
Calculate the remainder when 204 is divided by 21.
15
Calculate the remainder when 682 is divided by 165.
22
What is the remainder when 47 is divided by 26?
21
What is the remainder when 4479 is divided by 1115?
19
What is the remainder when 185 is divided by 93?
92
Calculate the remainder when 68 is divided by 31.
6
Calculate the remainder when 317 is divided by 80.
77
Calculate the remainder when 815 is divided by 116.
3
What is the remainder when 235 is divided by 81?
73
What is the remainder when 1648 is divided by 10?
8
What is the remainder when 693 is divided by 41?
37
Calculate the remainder when 1680 is divided by 2.
0
Calculate the remainder when 111 is divided by 26.
7
What is the remainder when 171 is divided by 60?
51
Calculate the remainder when 1089 is divided by 15.
9
What is the remainder when 1034 is divided by 37?
35
Calculate the remainder when 201 is divided by 8.
1
Calculate the remainder when 95 is divided by 20.
15
Calculate the remainder when 208 is divided by 79.
50
Calculate the remainder when 1012 is divided by 166.
16
Calculate the remainder when 188 is divided by 120.
68
Calculate the remainder when 983 is divided by 30.
23
What is the remainder when 2517 is divided by 10?
7
What is the remainder when 378 is divided by 95?
93
Calculate the remainder when 329 is divided by 143.
43
What is the remainder when 80 is divided by 62?
18
What is the remainder when 116 is divided by 52?
12
Calculate the remainder when 16 is divided by 13.
3
Calculate the remainder when 62 is divided by 39.
23
Calculate the remainder when 228 is divided by 29.
25
What is the remainder when 780 is divided by 23?
21
Calculate the remainder when 350 is divided by 86.
6
Calculate the remainder when 121 is divided by 33.
22
What is the remainder when 751 is divided by 250?
1
Calculate the remainder when 1232 is divided by 304.
16
What is the remainder when 433 is divided by 73?
68
What is the remainder when 942 is divided by 16?
14
Calculate the remainder when 3749 is divided by 90.
59
Calculate the remainder when 755 is divided by 95.
90
What is the remainder when 2099 is divided by 2096?
3
Calculate the remainder when 161 is divided by 34.
25
Calculate the remainder when 247 is divided by 97.
53
Calculate the remainder when 2459 is divided by 22.
17
Calculate the remainder when 141 is divided by 22.
9
Calculate the remainder when 1219 is divided by 31.
10
Calculate the remainder when 3609 is divided by 213.
201
What is the remainder when 180 is divided by 30?
0
What is the remainder when 352 is divided by 131?
90
Calculate the remainder when 987 is divided by 38.
37
What is the remainder when 271 is divided by 137?
134
Calculate the remainder when 313 is divided by 19.
9
What is the remainder when 167 is divided by 4?
3
Calculate the remainder when 711 is divided by 190.
141
Calculate the remainder when 4948 is divided by 99.
97
What is the remainder when 2683 is divided by 61?
60
What is the remainder when 97 is divided by 33?
31
Calculate the remainder when 258 is divided by 37.
36
Calculate the remainder when 768 is divided by 161.
124
What is the remainder when 918 is divided by 71?
66
Calculate the remainder when 142 is divided by 27.
7
What is the remainder when 639 is divided by 37?
10
Calculate the remainder when 49 is divided by 6.
1
What is the remainder when 1557 is divided by 65?
62
Calculate the remainder when 452 is divided by 65.
62
Calculate the remainder when 77 is divided by 10.
7
What is the remainder when 4373 is divided by 20?
13
Calculate the remainder when 112 is divided by 54.
4
Calculate the remainder when 9475 is divided by 23.
22
What is the remainder when 361 is divided by 32?
9
What is the remainder when 167 is divided by 46?
29
Calculate the remainder when 17213 is divided by 55.
53
Calculate the remainder when 210 is divided by 22.
12
What is the remainder when 439 is divided by 130?
49
Calculate the remainder when 1145 is divided by 30.
5
Calculate the remainder when 609 is divided by 41.
35
What is the remainder when 4428 is divided by 341?
336
Calculate the remainder when 3727 is divided by 38.
3
Calculate the remainder when 74 is divided by 32.
10
Calculate the remainder when 105 is divided by 19.
10
What is the remainder when 765 is divided by 54?
9
What is the remainder when 74 is divided by 10?
4
What is the remainder when 66 is divided by 10?
6
Calculate the remainder when 25619 is divided by 210.
209
Calculate the remainder when 47 is divided by 28.
19
Calculate the remainder when 143 is divided by 22.
11
What is the remainder when 6992 is divided by 27?
26
Calculate the rem